True
Suppose -4*g + 334691 = 5*t, -3*t + 6*t - 200815 = -2*g. Suppose -7*o - 3218 + t = 0. Is o composite?
False
Let w(h) = -69 + 29 - 1483*h + 600*h. Let p be w(-11). Suppose -6*u - p = -25687. Is u composite?
True
Suppose 0 = 5*l - 4*h - 3045, -3*l + 4*h - 308 + 2135 = 0. Suppose 16*y - 21*y - x = 3, 0 = 5*y - x - 3. Suppose 0*j - 3*j + l = y. Is j a prime number?
False
Let k(p) = 752*p**2 + 120*p + 1175. Is k(-24) composite?
False
Suppose 5*w = -3*z + 306505, -2922*z + 2923*z = -3*w + 183903. Is w a prime number?
False
Let q = -4050 - -8383. Is q a composite number?
True
Suppose -2*l + 3*l - 2*u = -3, 1 = -3*l + 4*u. Is ((-2)/l)/((-23)/1546865) a composite number?
True
Let x be (8729 - -1 - 4) + 3. Suppose 4*p - x = -3*p. Is p prime?
False
Let x(s) = -6001*s**3 + 5*s**2 - 28*s - 173. Is x(-5) a composite number?
True
Let v(k) = 50*k**3 - k**2 + 2*k + 2. Let s be v(-1). Let u = 247 - s. Is u a composite number?
True
Is -38*(18949/35)/(7/(105/(-6))) composite?
True
Let s(d) = -d**3 - 4*d**2 - d + 11. Let w be s(-4). Let z = w - 19. Is 1 - z - 2 - -3410 a prime number?
True
Suppose 0*j - 4*j + 32 = 0. Let v = -89 + 2392. Suppose -h - b = -1150, j*b = -2*h + 5*b + v. Is h prime?
False
Suppose 2*k + 1 = 5*k - s, 2*s + 10 = -2*k. Let j(p) = -2*p**2 - 2*p - 2. Let d be j(k). Is -1 - (15108/(-3) - 4/d) a prime number?
False
Let i = 5387398 + -2929695. Is i a composite number?
False
Suppose -2*h = -4*d + 172286, -9*d + 8*d = -2*h - 43079. Is d a prime number?
False
Suppose 5643 - 62861 = -7*g. Let f = g - 2193. Is f composite?
False
Suppose -4*l + 13440 = 4*f, -8845 - 1259 = -3*f + 5*l. Suppose 5*y - 18154 = -2*x - f, 3*x - 22206 = -y. Is x prime?
False
Suppose 2524*o + 18973867 = 2585*o. Is o prime?
False
Let p(u) = -u. Let g be p(4). Let x be ((-3)/4)/((-1)/g). Is 167 - (3 + x)/(-5) prime?
True
Let g(m) = -307*m + 221. Let v(c) = c**3 + 8*c**2 - 7*c - 18. Let l be v(-9). Is g(l) prime?
True
Suppose 155 = 2*k + 3*p + 133, 0 = 4*k - 5*p - 44. Suppose 0 = 4*o - 1957 + 557. Suppose k*z - o = z. Is z prime?
False
Let n = -255 + 427. Suppose -3*j + n = o, -4*o + 3*j = -562 - 81. Is o composite?
False
Let n(z) = -z**3 + 15*z**2 - z - 18. Let s be n(-6). Let g = 497 + s. Is g a prime number?
False
Let d(f) = 4*f**2 - 13*f. Let g(o) = 3*o**2 - 13*o + 1. Let b(q) = 4*d(q) - 5*g(q). Let i be b(-14). Suppose i*a = 5*a + 796. Is a a prime number?
True
Let l = -71 + 70. Let g be (4424 - -6) + 2/l. Suppose -3*s + 9895 = 5*t, -4*t + 3488 = -2*s - g. Is t a prime number?
True
Let k(m) = 65*m**3 - 12*m**2 + 11*m + 3. Let x be k(4). Suppose 0 = -7*u + 1018 + x. Is u composite?
False
Let z be -4755 + -4 + (-4 - -5). Let y = -1531 - z. Is y a composite number?
True
Let f(d) = d**3 + d**2 - 4*d - 4. Let a be f(3). Suppose 79456 = a*s + 12*s. Is s a composite number?
True
Suppose 5*g = 5*n, 4*n - g - 44 = -35. Suppose -5*h + 34592 + 11937 = -u, n*h - 2*u - 27923 = 0. Is h a composite number?
True
Let x = -3 + 3. Suppose x*y + 30 = 6*y. Suppose 1947 = y*j + 52. Is j a prime number?
True
Suppose 112320722 = 135*a + 7*a. Is a prime?
True
Let c = 176952 + -80839. Is c prime?
False
Suppose -28*v + 35*v = 20937. Let p = 5738 - v. Is p prime?
False
Suppose -2137*l = -2144*l + 213269. Is l a composite number?
False
Let f = 18007 + 4360. Suppose -2*w - 2805 = -f. Is w composite?
False
Let b be (21 + -20)/(-1 - 6/(-4)). Suppose 6*r - b*r - 1512 = 0. Let j = r + 17. Is j prime?
False
Let n = -50 - -41. Let x be n/(-12)*(-40)/(-30). Is 412/x + (2 - 3) a prime number?
False
Suppose 230290 = -5*z - 5*k, -z = 2*k + 24452 + 21602. Let l = -27723 - z. Is l composite?
True
Let s be (-620)/(-35) - (-2)/7. Suppose -13*a + s*a - 18415 = 0. Is a prime?
False
Let h = 13226 - 4543. Is h composite?
True
Suppose 7*f = f + 26*f - 174940. Is f composite?
False
Let z(g) = -15*g**2 + 19*g + 11*g**2 + 13 + 3*g**2 + 10*g**2. Is z(27) a composite number?
True
Suppose 0 = -4*h + g + 2*g + 40, -2*g - 8 = 0. Suppose 528 = h*z - 2251. Is z a composite number?
False
Let x = -36850 - -57639. Is x a composite number?
False
Let k = -19 + -22. Suppose -2*t - 2*j + 134 = -6, 5*j + 178 = 3*t. Let l = t + k. Is l a composite number?
True
Let n = -22184 + 213543. Is n a composite number?
True
Let m = -227 + 225. Is m/18*-1158 + (-10)/6 prime?
True
Let y(l) = 38*l**2 - 1. Let q be y(-1). Suppose -4*x + 2*a = -170, -3*x = 428*a - 426*a - 124. Suppose -q*d = -x*d + 6385. Is d a composite number?
False
Suppose -2*w + 808 = 6*w. Let d be (-3)/(-2 - -1) + w. Suppose 4*a = 5*u - 3947, 3062 + d = 4*u + a. Is u a composite number?
True
Suppose -102*c + 4682308 = -3224222 - 292944. Is c a prime number?
True
Let b(m) = -10*m + 266549. Is b(0) composite?
False
Is 67738 - -8*12/96 a composite number?
True
Suppose 187478 = 55*m - 146207. Is m composite?
False
Suppose -2*d - d = 0. Suppose d*v - 5*q - 2 = -v, 5*v - 10 = -q. Let w(i) = 62*i**2 + 7*i - 5. Is w(v) prime?
True
Let c = 245 + -245. Is (17*(257 + -3))/(2 + c) prime?
False
Suppose -48*v = -45*v - 3286149. Is v a composite number?
True
Let c be (2 + 20/(-6))*(-15)/(-10). Is 5646/(-54)*-5 + c/(-9) prime?
True
Suppose -67*a + 25*a - 429075 = -1457277. Is a a prime number?
True
Suppose 8*l - 7*l - 2*f = -26, 5*l + 154 = 4*f. Is 2/(6264/21826 - l/(-119)) a composite number?
False
Let v be (6492/(-2) + 2)*(32 - 34). Let h = 8 - 6. Suppose 4*y - 4*d = -h*d + 6500, 0 = -4*y - d + v. Is y a prime number?
False
Let t = 80357 + -47463. Is t composite?
True
Let p(z) = 5*z**2 + z - 70. Let s be p(4). Let d(c) = -3*c**2 - 11*c + 28. Let i(v) = 6*v**2 + 23*v - 57. Let q(b) = -9*d(b) - 4*i(b). Is q(s) composite?
True
Let o be 12/(-15)*15/6. Let p be (104 - 5 - -1)/(o/(-81)). Suppose -6*i - p = -13764. Is i composite?
False
Let w(u) be the third derivative of u**5/60 + 28*u**2. Let s be w(2). Suppose s*f - 1632 + 355 = n, -3*f + 3*n = -960. Is f a composite number?
True
Let f(d) = -2*d**3 - 51*d**2 - 14*d - 148. Is f(-41) composite?
True
Let t(h) = -40*h - 6. Let u be t(-3). Let m = -199 + u. Let b = 419 + m. Is b a composite number?
True
Let h(o) = 881*o**2 - 39*o - 160. Let x be h(-4). Is 56/56*((-1 - -2) + x) composite?
True
Let q(g) = 21*g**2 + 10*g + 60. Let d be q(-15). Suppose -a + 185 = 2*y - 748, 5*a = -4*y + d. Is a a prime number?
False
Let i(m) = m**3 - 3*m**2 - 10*m + 5. Let u be i(5). Suppose -3*j + 4347 = -3*w, 5*j + 1936 - 9231 = -u*w. Is j a prime number?
False
Let t = 751064 - 503941. Is t a composite number?
True
Let z be 2382426/102 + (-2)/17. Let v = 17976 + z. Is v a prime number?
True
Let j be 1/(-4) + (-17)/(-4). Suppose -2*k + 3*a - 594 + 6824 = 0, j*k + 5*a - 12482 = 0. Is k/1*(-19)/(-38) prime?
True
Suppose 1320 = 4*j + 296. Let s = 1338 - j. Suppose f - 354 = -2*b + b, 0 = -3*b + f + s. Is b prime?
True
Let k(s) = -11802*s - 3049. Is k(-31) composite?
True
Let h = -34 + 24. Let t be h/(-4) + 3/(-6). Suppose -t*r - 762 = -2*f, -5*f - r = -3*f - 756. Is f prime?
True
Let i(p) = -2*p + 2. Let g(y) = 16274*y + 21. Let q(k) = -g(k) + 5*i(k). Is q(-1) a composite number?
False
Let w(t) = 846*t - 19. Let d be w(5). Let x be 2851 - (3 + -2 + 0/(-2)). Let f = d - x. Is f composite?
False
Suppose 119*a - 116*a - 2258 = -2*f, -3384 = -3*f - 3*a. Let w = 1761 - f. Is w a composite number?
True
Is 30/(-25)*60/(-24)*9587/3 a composite number?
False
Let x = 1492 - -1127. Let p = x - 1624. Suppose -3*u + 3*q + 597 = 5*q, -p = -5*u + q. Is u prime?
True
Suppose -o = 17 - 20. Let u be (0/12)/(3/o). Suppose 5*v + 2*p - 5937 = u, -4744 = -0*v - 4*v - 3*p. Is v a composite number?
True
Let l(b) = -5 + 63*b + 0 + 1 - 64*b. Let u be l(-7). Suppose -2*n + 2519 = u*v, -3*n - 986 - 1528 = -3*v. Is v a composite number?
False
Is ((-16119)/(-12) - -2)/(18/792) a composite number?
True
Suppose 2*h - 21 + 0 = w, 2*w = 3*h - 41. Let q be (-56)/(0 + -3 - w/6). Let t = 631 + q. Is t a prime number?
False
Let w be (-2 + -4)/(-18)*-9. Is 26/(-39) - (1 + 28154/w) a prime number?
False
Let c(n) = 3*n + 27. Let y be c(-5). Let a be (-8)/(-6) - (3 + (-44)/y). Suppose -4*q + 2*q = -5*d + 8971, -d + a*q + 1799 = 0. Is d prime?
False
Let s(u) = 5*u**2 - 26*u + 4. Let t(m) = -2*m - 1. Let q(b) = s(b) + t(b). Let f = 13 + -29. Is q(f) a composite number?
True
Let v(p) = -p**3 - 24*p**2 - 45*p - 14.